ainder when 220829 is divided by 154?
147
What is the remainder when 31229417 is divided by 104?
89
What is the remainder when 44176 is divided by 107?
92
What is the remainder when 490410 is divided by 446?
256
Calculate the remainder when 137432710 is divided by 388.
6
What is the remainder when 42582263 is divided by 14194083?
14
What is the remainder when 411864 is divided by 547?
520
What is the remainder when 1446421 is divided by 6?
1
What is the remainder when 48946049 is divided by 1990?
9
Calculate the remainder when 195758 is divided by 65079.
521
Calculate the remainder when 1108954 is divided by 85302.
28
What is the remainder when 772187 is divided by 829?
388
What is the remainder when 517134493 is divided by 928?
925
What is the remainder when 17505 is divided by 8750?
5
Calculate the remainder when 5211462 is divided by 6074.
6044
Calculate the remainder when 2420478 is divided by 1667.
1661
Calculate the remainder when 350992 is divided by 38.
24
What is the remainder when 309776 is divided by 61818?
686
What is the remainder when 7452320 is divided by 1354?
1258
Calculate the remainder when 1541921 is divided by 38547.
41
What is the remainder when 5859752 is divided by 23?
19
Calculate the remainder when 1794158 is divided by 85.
63
What is the remainder when 6184 is divided by 5944?
240
What is the remainder when 254746 is divided by 42365?
556
What is the remainder when 54742567 is divided by 1231?
1228
Calculate the remainder when 102164214 is divided by 7561.
7543
Calculate the remainder when 154900 is divided by 5059.
3130
Calculate the remainder when 383057 is divided by 12.
5
What is the remainder when 3628363 is divided by 592?
587
Calculate the remainder when 30419 is divided by 1027.
636
Calculate the remainder when 93314 is divided by 507.
26
What is the remainder when 120358 is divided by 85?
83
Calculate the remainder when 108101 is divided by 108090.
11
What is the remainder when 19039 is divided by 1282?
1091
Calculate the remainder when 7409758 is divided by 645.
643
Calculate the remainder when 11541183 is divided by 17783.
16
What is the remainder when 77461 is divided by 25456?
1093
Calculate the remainder when 11044572 is divided by 45.
42
What is the remainder when 749103 is divided by 374528?
47
Calculate the remainder when 14864184 is divided by 2951.
2948
Calculate the remainder when 17144580 is divided by 18.
12
What is the remainder when 695797 is divided by 6827?
6270
What is the remainder when 1550993 is divided by 1194?
1181
Calculate the remainder when 4116570 is divided by 1.
0
What is the remainder when 2072154 is divided by 3070?
2974
Calculate the remainder when 271094 is divided by 1216.
1142
What is the remainder when 1143014 is divided by 103345?
6219
Calculate the remainder when 54192 is divided by 54089.
103
Calculate the remainder when 1645056 is divided by 807.
390
Calculate the remainder when 1325525 is divided by 50.
25
What is the remainder when 5318036 is divided by 7554?
20
What is the remainder when 6321630 is divided by 820?
250
What is the remainder when 1409337 is divided by 39?
33
Calculate the remainder when 378473 is divided by 32.
9
Calculate the remainder when 7539878 is divided by 175346.
0
What is the remainder when 2638474 is divided by 53846?
20
Calculate the remainder when 58982 is divided by 11769.
137
What is the remainder when 4090886 is divided by 58441?
16
What is the remainder when 217780 is divided by 2901?
205
What is the remainder when 34080704 is divided by 209084?
12
What is the remainder when 45563740 is divided by 123?
112
Calculate the remainder when 86666 is divided by 2551.
2483
What is the remainder when 229092 is divided by 264?
204
What is the remainder when 1973186 is divided by 10067?
54
What is the remainder when 410367 is divided by 1554?
111
Calculate the remainder when 7776470 is divided by 103680.
470
Calculate the remainder when 90599 is divided by 318.
287
Calculate the remainder when 1784010 is divided by 272.
234
What is the remainder when 77413 is divided by 1725?
1513
What is the remainder when 21263 is divided by 10415?
433
What is the remainder when 278443869 is divided by 16?
13
What is the remainder when 998576 is divided by 298?
276
What is the remainder when 4100843 is divided by 241226?
1
Calculate the remainder when 62693 is divided by 6266.
33
What is the remainder when 10884597 is divided by 40?
37
Calculate the remainder when 28197 is divided by 5402.
1187
What is the remainder when 59193 is divided by 1907?
76
Calculate the remainder when 273928757 is divided by 27.
14
Calculate the remainder when 50232 is divided by 822.
90
Calculate the remainder when 46815603 is divided by 41.
40
Calculate the remainder when 1204746 is divided by 602370.
6
Calculate the remainder when 69830947 is divided by 35.
32
What is the remainder when 140597 is divided by 747?
161
Calculate the remainder when 8371604 is divided by 82887.
17
Calculate the remainder when 896904 is divided by 896896.
8
What is the remainder when 30113463 is divided by 9016?
23
Calculate the remainder when 6446 is divided by 3100.
246
Calculate the remainder when 11594628 is divided by 80.
68
Calculate the remainder when 2599127 is divided by 866240.
407
What is the remainder when 54973414 is divided by 37?
35
What is the remainder when 21000966 is divided by 547?
542
Calculate the remainder when 221002000 is divided by 257.
247
Calculate the remainder when 71131 is divided by 1458.
1147
Calculate the remainder when 2255862 is divided by 563956.
38
What is the remainder when 10543273 is divided by 1757209?
19
What is the remainder when 6526511 is divided by 36?
35
What is the remainder when 32369 is divided by 199?
131
What is the remainder when 1305742 is divided by 261148?
2
What is the remainder when 4842031 is divided by 66?
7
Calculate the remainder when 9061 is divided by 7726.
1335
Calculate the remainder when 3063278 is divided by 688.
302
What is the remainder when 132785150 is divided by 31?
29
Calculate the remainder when 384065 is divided by 127984.
113
What is the remainder when 1430383 is divided by 1189?
16
Calculate the remainder when 582907 is divided by 94.
13
What is the remainder when 125860348 is divided by 15?
13
Calculate the remainder when 17228128 is divided by 51.
22
What is the remainder when 2784348 is divided by 4337?
4331
Calculate the remainder when 577495 is divided by 44416.
87
What is the remainder when 626184 is divided by 29811?
153
What is the remainder when 5260038 is divided by 1010?
968
Calculate the remainder when 68829359 is divided by 3437.
3434
What is the remainder when 10184958 is divided by 80?
78
What is the remainder when 516814 is divided by 30291?
1867
What is the remainder when 2509905 is divided by 2895?
2835
Calculate the remainder when 98504 is divided by 815.
704
What is the remainder when 26743192 is divided by 142251?
4
What is the remainder when 30815 is divided by 30815?
0
What is the remainder when 87817139 is divided by 6403?
6397
Calculate the remainder when 16728 is divided by 1385.
108
Calculate the remainder when 4131399 is divided by 41.
34
What is the remainder when 24058 is divided by 357?
139
What is the remainder when 113000 is divided by 16027?
811
Calculate the remainder when 13233717 is divided by 1784.
5
Calculate the remainder when 6070468 is divided by 633.
631
What is the remainder when 12240 is divided by 70?
60
Calculate the remainder when 1289858 is divided by 4942.
4938
What is the remainder when 861099 is divided by 1054?
1035
What is the remainder when 22815 is divided by 17029?
5786
Calculate the remainder when 16904368 is divided by 591.
586
Calculate the remainder when 574510 is divided by 191503.
1
What is the remainder when 150890 is divided by 408?
338
What is the remainder when 606103 is divided by 12895?
38
Calculate the remainder when 149058 is divided by 2926.
2758
What is the remainder when 118124 is divided by 23600?
124
Calculate the remainder when 10037 is divided by 6097.
3940
What is the remainder when 4362235 is divided by 462?
31
What is the remainder when 851543 is divided by 94?
91
Calculate the remainder when 15896765 is divided by 928.
125
Calculate the rema